te p(25).
-54
Let b(l) = -37*l - 3034. What is b(-81)?
-37
Let v(h) = -54*h + 61. What is v(-5)?
331
Let n(f) = -2*f**2 + 78*f - 142. What is n(37)?
6
Let q(r) = r**3 + 10*r**2 + 47*r + 829. Determine q(-12).
-23
Let g(t) = 1339*t + 1341. Calculate g(-1).
2
Let l(f) = -100*f**2 - 777*f - 544. Give l(-7).
-5
Let b(f) = -19*f - 21. Calculate b(-16).
283
Let h(j) = 339*j - 343. Determine h(1).
-4
Let t(v) = -437*v - 870. Give t(-2).
4
Let n(l) = 2*l**2 + 15*l - 51. What is n(6)?
111
Let j(p) = 66*p + 822. Determine j(-12).
30
Let q(p) = 2*p**3 + 8*p**2 - 15*p - 38. Calculate q(-4).
22
Let k(m) = 5645*m + 33908. Determine k(-6).
38
Let h(d) = 573*d - 2967. Give h(5).
-102
Let j(y) = y**3 + 8*y**2 + 7*y - 22. Give j(-8).
-78
Let h(o) = -3921*o + 82354. Calculate h(21).
13
Let a(m) = m**3 - 8*m**2 - 103*m + 639. What is a(12)?
-21
Let r(z) = -z**3 + 37*z**2 - 8*z + 115. Give r(37).
-181
Let j(g) = -g**3 + 6*g**2 + 14*g - 27. Calculate j(7).
22
Let c(q) = 1254*q + 5000. Calculate c(-4).
-16
Let f(o) = -o**2 + 15*o + 8. Calculate f(19).
-68
Let t(i) = 31*i + 76. Give t(0).
76
Let j(c) = -7*c**2 + 466*c - 5561. Calculate j(51).
-2
Let l(f) = -f**3 - 14*f**2 + 40*f - 38. Calculate l(-17).
149
Let k(i) = -i**3 - 16*i**2 - 4*i + 41. Give k(-15).
-124
Let w(f) = -5*f**2 + 32*f - 160. What is w(6)?
-148
Let s(t) = -t**2 - 7*t - 10. Calculate s(-8).
-18
Let w(d) = -d**2 + 177*d - 6997. What is w(115)?
133
Let q(c) = -27*c - 810. What is q(-30)?
0
Let f(c) = -101*c + 10. Determine f(0).
10
Let n(i) = -i**2 + 37*i + 534. Calculate n(48).
6
Let w(d) = d**2 - 16*d - 59. What is w(16)?
-59
Let z(d) = -108*d**2 + 414*d + 68. What is z(4)?
-4
Let l(c) = 56*c - 671. Give l(12).
1
Let s(x) = -x**3 - 5*x**2 + 110*x + 517. Determine s(-11).
33
Let m(q) = -5459*q - 16375. Determine m(-3).
2
Let b(w) = -2*w**2 - 62*w - 507. Give b(-17).
-31
Let k(w) = -w**2 + 213*w + 6750. Determine k(-28).
2
Let p(l) = l**3 - 25*l**2 + 13*l - 12. Give p(24).
-276
Let o(m) = -251*m - 1709. Determine o(-7).
48
Let w(h) = 92*h - 4030. Give w(43).
-74
Let k(l) = -l**3 + 15*l**2 - 23*l + 17. Give k(11).
248
Let k(x) = 19*x + 15. Calculate k(-5).
-80
Let b(j) = -224*j + 6130. Give b(29).
-366
Let u(l) = l**3 + 5*l**2 - 14*l - 8. Give u(5).
172
Let q(d) = -d**3 + 45*d**2 - 45*d + 48. What is q(44)?
4
Let y(p) = p**3 - 4*p**2 - 9*p + 14. Give y(4).
-22
Let d(l) = l**3 - 16*l**2 + 25*l + 357. Determine d(9).
15
Let j(p) = 104*p + 13539. Determine j(-130).
19
Let r(u) = -5*u**2 - 14*u - 11. Give r(-2).
-3
Let l(m) = 8*m + 461. Give l(-38).
157
Let i(x) = -343*x - 1023. What is i(-3)?
6
Let o(f) = 297*f + 5048. Calculate o(-17).
-1
Let s(b) = -40*b**3 + 7038*b**2 + 354*b - 354. Determine s(176).
-2
Let b(h) = h**3 + 204*h**2 - 413*h - 200. Determine b(-206).
6
Let s(p) = 3*p**3 + 7*p**2 + 11. Give s(-4).
-69
Let v(y) = -79*y - 1347. What is v(-17)?
-4
Let c(o) = 9*o**2 - 132*o - 6. Determine c(12).
-294
Let n(g) = 11*g**3 - 116*g - 220. Determine n(-2).
-76
Let d(w) = 2*w**3 + 86*w**2 - 180*w + 5. Give d(-45).
5
Let u(z) = -z**3 + 2*z**2 + 261*z + 18. Give u(-15).
-72
Let j(c) = -c**3 - 9*c**2 - 12*c - 8. What is j(-10)?
212
Let z(i) = i**3 + 25*i**2 + 75*i - 18. Calculate z(-21).
171
Let h(j) = 43*j + 210. What is h(-3)?
81
Let z(y) = 28*y + 278. Calculate z(-8).
54
Let m(q) = -186*q + 1756. What is m(9)?
82
Let r(d) = 3*d**2 - 10*d + 151. Determine r(0).
151
Let p(y) = 5*y**3 + 9*y**2 - 29*y - 2. Calculate p(2).
16
Let s(j) = 34*j**2 - 156*j + 121. What is s(3)?
-41
Let b(t) = -6*t - 8. What is b(-9)?
46
Let k(z) = z**3 + 22*z**2 - 51*z - 38. Calculate k(-24).
34
Let j(y) = -y**3 + 23*y**2 + 80*y - 6. Give j(26).
46
Let f(q) = 12*q - 302. Determine f(20).
-62
Let w(b) = -b**3 + 21*b**2 + 47*b + 55. What is w(23)?
78
Let h(u) = 4*u + 48. Give h(-8).
16
Let k(u) = -3*u**3 + 12*u**2 + 30*u + 51. What is k(6)?
15
Let q(n) = -n**2 + 37*n - 302. Give q(25).
-2
Let o(n) = -2*n**3 + 30*n**2 + 44*n - 199. Calculate o(16).
-7
Let w(t) = -40*t + 220. Determine w(6).
-20
Let t(s) = -s**3 - 15*s**2 + 3*s + 235. Determine t(-15).
190
Let l(z) = -2*z**2 + 53*z - 90. Calculate l(22).
108
Let r(v) = 601*v + 2. Determine r(1).
603
Let i(r) = r**3 - r**2 + 18*r - 32. What is i(0)?
-32
Let a(v) = 2*v**2 + 42*v + 54. Calculate a(-25).
254
Let m(t) = -t**3 + 4*t**2 + 12*t - 54. Determine m(5).
-19
Let f(m) = 2*m**3 - 31*m**2 - 13*m - 54. Give f(17).
592
Let c(n) = 10*n**2 + 66*n + 156. Give c(-2).
64
Let b(q) = q**3 + 29*q**2 - q + 10. Give b(-29).
39
Let g(r) = r**2 + 135*r - 1722. Calculate g(-147).
42
Let a(k) = -k**3 + 103*k**2 - 305*k + 503. Give a(100).
3
Let t(d) = -2*d**2 + 52*d - 266. Determine t(13).
72
Let f(y) = -y**3 - 9*y**2 + 420*y + 509. What is f(-25)?
9
Let b(w) = 270*w + 13508. Calculate b(-50).
8
Let b(v) = v**2 + 44*v - 307. Determine b(6).
-7
Let k(w) = w**3 + 23*w**2 - 198*w - 4556. What is k(-23)?
-2
Let z(f) = -2*f**3 - 11*f**2 + 12*f + 11. Give z(-6).
-25
Let o(a) = -a**3 - 41*a**2 + 31*a - 471. Give o(-42).
-9
Let i(r) = r**3 + 189*r**2 + 185*r - 568. What is i(-188)?
-4
Let q(w) = 6*w**2 + 27*w + 87. What is q(-3)?
60
Let k(y) = y**3 - 23*y**2 + 14*y + 42. What is k(22)?
-134
Let a(z) = 2*z**2 + 131*z + 166. Determine a(-64).
-26
Let d(r) = 48*r - 633. What is d(13)?
-9
Let o(h) = -95*h + 672. Determine o(12).
-468
Let x(p) = p**3 - 61*p**2 - 496*p + 1384. Calculate x(68).
24
Let h(a) = 2*a**2 + 49*a - 280. What is h(7)?
161
Let k(i) = i**3 - 30*i**2 - 8*i + 1063. What is k(29)?
-10
Let o(m) = -m**3 + 26*m**2 - 161*m - 106. Determine o(12).
-22
Let w(b) = 7*b**3 - 13*b**2 + 13*b + 4. Give w(2).
34
Let v(n) = -2607*n + 18251. Give v(7).
2
Let j(g) = -52*g + 392. Determine j(9).
-76
Let w(l) = -l**3 + 26*l**2 - 14. Give w(26).
-14
Let x(t) = t**2 - 69*t - 159. Calculate x(0).
-159
Let s(p) = 4*p**3 + 65*p**2 + 12*p - 24. Give s(-16).
40
Let u(k) = -k**3 - 21*k**2 - 16*k + 59. Calculate u(-20).
-21
Let v(w) = w - 609. Give v(-70).
-679
Let p(n) = 5*n**2 + 22*n + 32. Give p(-9).
239
Let k(z) = 26*z + 754. Give k(-28).
26
Let m(p) = -4*p**2 + 45*p - 151. Give m(7).
-32
Let m(z) = -19*z + 36. Calculate m(4).
-40
Let y(i) = -i**3 - 44*i**2 - 123*i + 81. Calculate y(-41).
81
Let m(g) = -697*g + 4174. What is m(6)?
-8
Let h(b) = -139*b + 1942. Give h(14).
-4
Let r(q) = 2*q**2 + 30*q + 8. Give r(-9).
-100
Let r(f) = -10*f + 411. Determine r(-25).
661
Let x(c) = 2*c**3 + 25*c**2 - 24*c - 13. Give x(-13).
130
Let i(o) = 50*o - 1051. What is i(21)?
-1
Let b(p) = 13*p - 56. Determine b(5).
9
Let a(l) = -53*l**2 - 34*l + 34. Give a(1).
-53
Let g(j) = -j**3 + 33*j**2 - 50*j + 462. Give g(32).
-114
Let a(m) = -29*m - 804. Determine a(-27).
-21
Let y(z) = -3*z**2 + 41*z - 56. Give y(13).
-30
Let j(u) = -u**3 + 21*u**2 + 22*u + 117. Determine j(22).
117
Let c(w) = -8*w**3 - 147*w**2 - 404*w + 11. Calculate c(-15).
-4
Let q(o) = -983*o - 123865. Calculate q(-126).
-7
Let t(p) = p**3 + 12*p**2 + 6*p + 7. Calculate t(-3).
70
Let k(r) = r**2 + 19*r - 27. Calculate k(-21).
15
Let b(y) = -182*y - 4246. What is b(-23)?
-60
Let a(x) = 189*x**2 + x + 1. What is a(-1)?
189
Let w(i) = -416*i + 7904. Calculate w(19).
0
Let l(z) = z**2 + 21*z - 350. What is l(-30)?
-80
Let z(l) = -6*l**2 + 3*l - 15. What is z(3)?
-60
Let k(v) = -183*v - 3630. Calculate k(-20).
30
Let c(j) = -12*j**3 + 95*j**2 + 3*j + 12. Give c(8).
-28
Let l(r) = -3*r**2 - 113*r + 547. Calculate l(-42).
1
Let u(z) = z**2 - 10*z + 6. Calculate u(-9).
177
Let t(m) = 5*m**2 + 51*m - 180. What is t(-13)?
2
Let m(p) = 7*p + 138. What is m(-14)?
40
Let w(u) = 12*u + 518. Calculate w(46).
1070
Let y(k) = k**3 - 96*k**2 - 3*k + 268. Determine y(96).
-20
Let m(o) = 37*o - 2967. Calculate m(80).
-7
Let p(i) = -i**2 - 939*i + 12354. Give p(13).
-22
Let i(g) = -2*g**3 - 47*g**2 + 21*g + 38. Calculate i(-24).
110
Let f(a) = -178*a - 919. Determine f(-5).
-29
Let s(z) = -319*z**3 - 37*z**2 - z - 1. What is s(-1)?
282
Let c(a) = -670*a - 8704. Calculate c(-13).
6
Let n(g) = 115*g - 3688. Calculate n(32).
-8
Let j(b) = -b**3 - 6*b**2 - 566*b - 1676. Determine j(-3).
-5
Let g(q) = q**3 + 6*q**2 + 7*q + 22. Determine g(-6).
-20
Let f(a) = -21*a - 934. Calculate f(-52).
158
Let v(f) = 5*f**3 + 9*f**2 + 36*f - 45. Give v(1).
5
Let y(m) = m**2 - 33*m - 1812. Calculate y